me factors of 55108456?
2, 13, 43, 12323
List the prime factors of 92988462.
2, 3, 7, 2214011
What are the prime factors of 351455417?
379, 927323
What are the prime factors of 376466085?
3, 5, 8365913
What are the prime factors of 498639903?
3, 17, 2531, 3863
What are the prime factors of 80399685?
3, 5, 139, 38561
List the prime factors of 69315283.
69315283
List the prime factors of 205149909.
3, 31, 53, 41621
What are the prime factors of 2492466948?
2, 3, 127, 239, 2281
List the prime factors of 318692828.
2, 79673207
What are the prime factors of 175929486?
2, 3, 29, 163, 6203
What are the prime factors of 154763377?
31, 83, 60149
What are the prime factors of 3072145198?
2, 31, 49550729
List the prime factors of 2951356171.
37, 79766383
List the prime factors of 26949904.
2, 19, 88651
What are the prime factors of 393892814?
2, 7, 43, 654307
What are the prime factors of 25813591?
25813591
List the prime factors of 1195693628.
2, 37, 103, 78437
What are the prime factors of 58554577?
58554577
List the prime factors of 102814504.
2, 13, 17, 58153
What are the prime factors of 252456902?
2, 17, 7425203
What are the prime factors of 1479922413?
3, 493307471
List the prime factors of 539649669.
3, 13, 233, 59387
What are the prime factors of 569444696?
2, 29, 2454503
List the prime factors of 2118058411.
7, 12437, 24329
List the prime factors of 490397251.
3119, 157229
What are the prime factors of 126286341?
3, 42095447
What are the prime factors of 5517459923?
5517459923
List the prime factors of 633075223.
11, 17, 149, 22721
List the prime factors of 668398888.
2, 137, 179, 3407
What are the prime factors of 356539305?
3, 5, 1889, 12583
What are the prime factors of 43149756?
2, 3, 13, 21277
What are the prime factors of 3359914357?
17, 4483, 44087
What are the prime factors of 319217154?
2, 3, 191, 278549
What are the prime factors of 12063247?
7, 23, 31, 2417
What are the prime factors of 48954204?
2, 3, 13, 29, 3607
List the prime factors of 726943962.
2, 3, 121157327
What are the prime factors of 516426457?
18773, 27509
What are the prime factors of 99867715?
5, 43, 47, 9883
List the prime factors of 142127785.
5, 28425557
List the prime factors of 4636007617.
4636007617
List the prime factors of 24903324.
2, 3, 691759
What are the prime factors of 491930886?
2, 3, 29, 211, 13399
List the prime factors of 1650127659.
3, 5653, 97301
What are the prime factors of 2310156?
2, 3, 64171
List the prime factors of 488324932.
2, 17, 7181249
List the prime factors of 58522589.
58522589
List the prime factors of 76134767.
19, 113, 35461
List the prime factors of 1518488916.
2, 3, 7, 167, 108247
List the prime factors of 24346343.
7, 389, 8941
What are the prime factors of 248881101?
3, 7, 11851481
What are the prime factors of 12793490?
2, 5, 37, 71, 487
What are the prime factors of 2011756908?
2, 3, 7, 197, 121571
What are the prime factors of 318258691?
318258691
List the prime factors of 425692675.
5, 1453, 11719
What are the prime factors of 24458945?
5, 7, 698827
What are the prime factors of 212128710?
2, 3, 5, 7070957
What are the prime factors of 683793190?
2, 5, 71, 73, 79, 167
What are the prime factors of 137630792?
2, 13, 1323373
What are the prime factors of 29625232?
2, 7, 13, 20347
What are the prime factors of 807721089?
3, 7, 31, 1240739
What are the prime factors of 798662859?
3, 266220953
List the prime factors of 2304492027.
3, 103, 659, 11317
List the prime factors of 8851260085.
5, 23, 29, 71, 1289
List the prime factors of 20104112.
2, 7, 25643
List the prime factors of 150345487.
150345487
List the prime factors of 168754789.
7, 19, 1091, 1163
What are the prime factors of 1230510758?
2, 615255379
List the prime factors of 21633161.
11, 67, 149, 197
List the prime factors of 312101071.
61, 5116411
What are the prime factors of 2788160444?
2, 697040111
What are the prime factors of 50041940?
2, 5, 13, 197, 977
What are the prime factors of 438122170?
2, 5, 23, 1904879
What are the prime factors of 6000078284?
2, 3989, 376039
List the prime factors of 114829401.
3, 38276467
What are the prime factors of 19711187?
19711187
What are the prime factors of 562428839?
7, 80346977
List the prime factors of 94837674.
2, 3, 41, 385519
List the prime factors of 88841341.
23, 283, 13649
What are the prime factors of 1263244629?
3, 10711, 39313
List the prime factors of 7526134284.
2, 3, 627177857
What are the prime factors of 5822867198?
2, 2477, 1175387
What are the prime factors of 198263501?
37, 199, 26927
What are the prime factors of 32697538?
2, 101, 161869
List the prime factors of 121094209.
727, 166567
List the prime factors of 1055008833.
3, 31, 11344181
What are the prime factors of 166168661?
19, 460301
List the prime factors of 39077767.
4001, 9767
What are the prime factors of 40860335?
5, 677, 12071
What are the prime factors of 208560488?
2, 17, 1533533
What are the prime factors of 36438058?
2, 1733, 10513
List the prime factors of 920655577.
31, 29698567
List the prime factors of 424573849.
7, 60653407
List the prime factors of 33887636.
2, 8471909
What are the prime factors of 63619291?
3923, 16217
List the prime factors of 41979440.
2, 5, 524743
What are the prime factors of 570425559?
3, 11, 37, 139, 3361
What are the prime factors of 24767773?
19, 1303567
What are the prime factors of 496552894?
2, 89, 97, 28759
List the prime factors of 19080049.
37, 515677
What are the prime factors of 457850534?
2, 228925267
List the prime factors of 21138145.
5, 7, 603947
List the prime factors of 18516878.
2, 9258439
List the prime factors of 1488830362.
2, 29, 25669489
What are the prime factors of 875343158?
2, 17, 613, 41999
What are the prime factors of 337296628?
2, 47, 59, 647
List the prime factors of 680347454.
2, 139, 2447293
What are the prime factors of 2454969320?
2, 5, 17, 269, 13421
What are the prime factors of 375072377?
17, 22063081
List the prime factors of 61147735.
5, 11, 269, 4133
What are the prime factors of 900185637?
3, 13, 23081683
List the prime factors of 42028763.
7, 47, 127747
What are the prime factors of 80981620?
2, 5, 23, 176047
What are the prime factors of 1190212356?
2, 3, 99184363
What are the prime factors of 54202701?
3, 7, 2581081
What are the prime factors of 1737708936?
2, 3, 73, 379, 2617
What are the prime factors of 54778192?
2, 7, 383, 1277
What are the prime factors of 1540611159?
3, 513537053
What are the prime factors of 47223596?
2, 7, 109, 15473
List the prime factors of 93934196.
2, 23483549
List the prime factors of 1557254733.
3, 14197, 36563
List the prime factors of 5038783.
17, 43, 61, 113
What are the prime factors of 237583149?
3, 173, 229, 1999
List the prime factors of 680844.
2, 3, 56737
List the prime factors of 99911418.
2, 3, 16651903
What are the prime factors of 48252522?
2, 3, 1069, 7523
What are the prime factors of 98246209?
41, 1181, 2029
What are the prime factors of 282783987?
3, 107, 97883
What are the prime factors of 61025694?
2, 3, 587, 17327
List the prime factors of 1885320008.
2, 11, 13, 617, 2671
List the prime factors of 4271138.
2, 337, 6337
List the prime factors of 70769270.
2, 5, 11, 13, 409
List the prime factors of 2659958178.
2, 3, 443326363
List the prime factors of 11998918.
2, 19, 16619
What are the prime factors of 2385038611?
37, 6977, 9239
What are the prime factors of 644730299?
11579, 55681
List the prime factors of 337339492.
2, 7, 47, 256337
What are the prime factors of 60657262?
2, 43, 705317
List the prime factors of 2342578664.
2, 337, 868909
What are the prime factors of 213600275?
5, 7, 239, 5107
What are the prime factors of 7340541826?
2, 17, 463, 466303
List the prime factors of 588394409.
191, 1307, 2357
List the prime factors of 26236737.
3, 37, 26263
List the prime factors of 371369304.
2, 3, 53, 307, 317
List the prime factors of 394181423.
151, 2610473
List the prime factors of 107955598.
2, 53977799
List the prime factors of 85962390.
2, 3, 5, 2865413
What are the prime factors of 125271162?
2, 3, 6959509
List the prime factors of 209461917.
3, 7, 1424911
What are the prime factors of 117378502?
2, 58689251
List the prime factors of 5759162079.
3, 11, 174520063
What are the prime factors of 1161474?
2, 3